{"id":1743,"date":"2015-10-07T15:10:17","date_gmt":"2015-10-07T14:10:17","guid":{"rendered":"http:\/\/eaudemelisse.com\/en\/?page_id=1743"},"modified":"2016-10-04T20:11:48","modified_gmt":"2016-10-04T19:11:48","slug":"dates","status":"publish","type":"page","link":"https:\/\/eaudemelisse.com\/en\/our-history\/dates\/","title":{"rendered":"Dates"},"content":{"rendered":"<section class=\"wpb-content-wrapper\">[mk_page_section full_width=&#8221;true&#8221;][vc_column][vc_single_image image=&#8221;343&#8243; img_size=&#8221;full&#8221; alignment=&#8221;center&#8221;][vc_empty_space height=&#8221;25px&#8221;][\/vc_column][\/mk_page_section][mk_page_section bg_color=&#8221;#cfdfe3&#8243; bg_image=&#8221;https:\/\/eaudemelisse.com\/wp-content\/uploads\/2015\/10\/histoire-1611-2.jpg&#8221; bg_position=&#8221;center center&#8221; bg_repeat=&#8221;no-repeat&#8221; bg_stretch=&#8221;true&#8221; expandable=&#8221;true&#8221; expandable_txt=&#8221;1611&#8243; expandable_icon_size=&#8221;45&#8243; expandable_txt_color=&#8221;#ff4351&#8243; expandable_txt_size=&#8221;34&#8243; full_width=&#8221;true&#8221;][vc_column][vc_column_text el_class=&#8221;dates-text&#8221;]\n<h3>10 may 1611<\/h3>\n<p>Installation under the Regent Marie de Medicis, of the Order of D\u00e9chaux Carmelite Fathers (Ordre des Carmes D\u00e9chaux) O.C.D., rue de Vaugirard, which produced Eau de M\u00e9lisse starting in 1611.<\/p>\n<p>Father Damien was the first to prepare our composition.<\/p>\n<p><a href=\"http:\/\/www.carmes-paris.org\" target=\"_blank\">http:\/\/www.carmes-paris.org<\/a>[\/vc_column_text][\/vc_column][\/mk_page_section][vc_row][vc_column][vc_empty_space height=&#8221;20px&#8221;][\/vc_column][\/vc_row][mk_page_section bg_image=&#8221;https:\/\/eaudemelisse.com\/wp-content\/uploads\/2015\/10\/histoire-img-1.jpg&#8221; bg_position=&#8221;center center&#8221; bg_repeat=&#8221;no-repeat&#8221; bg_stretch=&#8221;true&#8221; expandable=&#8221;true&#8221; expandable_txt=&#8221;1709 &#8211; 1773 &#8211; 1776 &#8211; 1780 &#8221; expandable_icon_size=&#8221;45&#8243; expandable_txt_color=&#8221;#ff4351&#8243; expandable_txt_size=&#8221;34&#8243; full_width=&#8221;true&#8221;][vc_column][vc_column_text el_class=&#8221;dates-text&#8221;]\n<h3>1709-1773-1776-1780<\/h3>\n<p>Royal Letters granted to the Carmelites Fathers.[\/vc_column_text][\/vc_column][\/mk_page_section][vc_row][vc_column][vc_empty_space height=&#8221;20px&#8221;][\/vc_column][\/vc_row][mk_page_section bg_image=&#8221;https:\/\/eaudemelisse.com\/wp-content\/uploads\/2015\/10\/histoire-img-2.jpg&#8221; bg_position=&#8221;center center&#8221; bg_repeat=&#8221;no-repeat&#8221; bg_stretch=&#8221;true&#8221; expandable=&#8221;true&#8221; expandable_txt=&#8221;2 sept 1792&#8243; expandable_icon_size=&#8221;45&#8243; expandable_txt_color=&#8221;#ff4351&#8243; expandable_txt_size=&#8221;34&#8243; full_width=&#8221;true&#8221;][vc_column][vc_column_text el_class=&#8221;dates-text&#8221;]\n<h3>2 Septembre 1792<\/h3>\n<p>During the Revolution, the Commissioners of the Luxembourg Section organised a sham trial during which each prisoner was requested to take an oath; for each refusal a priest was executed &#8211; 115 bodies piled up on the grounds.<\/p>\n<p><a href=\"http:\/\/www.sjdc.fr\" target=\"_blank\">http:\/\/www.sjdc.fr<\/a>[\/vc_column_text][\/vc_column][\/mk_page_section][vc_row][vc_column][vc_empty_space height=&#8221;20px&#8221;][\/vc_column][\/vc_row][mk_page_section bg_image=&#8221;https:\/\/eaudemelisse.com\/wp-content\/uploads\/2015\/10\/histoire-img-3.jpg&#8221; bg_position=&#8221;center center&#8221; bg_repeat=&#8221;no-repeat&#8221; bg_stretch=&#8221;true&#8221; expandable=&#8221;true&#8221; expandable_txt=&#8221;1792&#8243; expandable_icon_size=&#8221;45&#8243; expandable_txt_color=&#8221;#ff4351&#8243; expandable_txt_size=&#8221;34&#8243; full_width=&#8221;true&#8221;][vc_column][vc_column_text el_class=&#8221;dates-text&#8221;]\n<h3>1792<\/h3>\n<p>Several Fathers create a civil corporation by purchasing from the State the right to produce and sell Eau des Carmes and set themselves up at 14 rue Taranne.[\/vc_column_text][\/vc_column][\/mk_page_section][vc_row][vc_column][vc_empty_space height=&#8221;20px&#8221;][\/vc_column][\/vc_row][mk_page_section bg_image=&#8221;https:\/\/eaudemelisse.com\/wp-content\/uploads\/2015\/10\/histoire-img-4.jpg&#8221; bg_position=&#8221;center center&#8221; bg_repeat=&#8221;no-repeat&#8221; bg_stretch=&#8221;true&#8221; expandable=&#8221;true&#8221; expandable_txt=&#8221;1838&#8243; expandable_icon_size=&#8221;45&#8243; expandable_txt_color=&#8221;#ff4351&#8243; expandable_txt_size=&#8221;34&#8243; full_width=&#8221;true&#8221;][vc_column][vc_column_text el_class=&#8221;dates-text&#8221;]\n<h3>1838<\/h3>\n<p>Mr Am\u00e9d\u00e9 Boyer purchased the famous Eau de M\u00e9lisse which is still today in the same family.[\/vc_column_text][\/vc_column][\/mk_page_section][vc_row][vc_column][vc_empty_space height=&#8221;20px&#8221;][\/vc_column][\/vc_row][mk_page_section bg_image=&#8221;https:\/\/eaudemelisse.com\/wp-content\/uploads\/2015\/10\/histoire-img-5.jpg&#8221; bg_position=&#8221;center center&#8221; bg_repeat=&#8221;no-repeat&#8221; bg_stretch=&#8221;true&#8221; expandable=&#8221;true&#8221; expandable_txt=&#8221;1877&#8243; expandable_icon_size=&#8221;45&#8243; expandable_txt_color=&#8221;#ff4351&#8243; expandable_txt_size=&#8221;34&#8243; full_width=&#8221;true&#8221;][vc_column][vc_column_text el_class=&#8221;dates-text&#8221;]\n<h3>1877<\/h3>\n<p>Following the expropriation of 14 rue Taranne, the old Carmelites laboratory was transferred to 14 rue de l&#8217;Abbaye and then, in 1950, to 6 rue de l&#8217;Abbaye.[\/vc_column_text][\/vc_column][\/mk_page_section][vc_row][vc_column][vc_empty_space height=&#8221;20px&#8221;][\/vc_column][\/vc_row][mk_page_section bg_color=&#8221;#cfdfe3&#8243; bg_image=&#8221;https:\/\/eaudemelisse.com\/wp-content\/uploads\/2015\/10\/histoire-1990-2.jpg&#8221; bg_position=&#8221;center center&#8221; bg_repeat=&#8221;no-repeat&#8221; bg_stretch=&#8221;true&#8221; expandable=&#8221;true&#8221; expandable_txt=&#8221;1990&#8243; expandable_icon_size=&#8221;45&#8243; expandable_txt_color=&#8221;#ff4351&#8243; expandable_txt_size=&#8221;34&#8243; full_width=&#8221;true&#8221;][vc_column][vc_column_text el_class=&#8221;dates-text&#8221;]\n<h3>1990<\/h3>\n<p>The production workshops moved from Courbevoie to Carri\u00e8res-sur-Seine.<\/p>\n<p>This is where we receive the plants and spices.[\/vc_column_text][\/vc_column][\/mk_page_section][vc_row][vc_column][vc_empty_space height=&#8221;20px&#8221;][\/vc_column][\/vc_row][mk_page_section bg_color=&#8221;#cfdfe3&#8243; bg_image=&#8221;https:\/\/eaudemelisse.com\/wp-content\/uploads\/2015\/10\/Pont-Alexandre-III.jpg&#8221; bg_position=&#8221;center center&#8221; bg_repeat=&#8221;no-repeat&#8221; bg_stretch=&#8221;true&#8221; color_mask=&#8221;#37747e&#8221; expandable=&#8221;true&#8221; expandable_txt=&#8221;2016&#8243; expandable_icon_size=&#8221;45&#8243; expandable_txt_color=&#8221;#ff4351&#8243; expandable_txt_size=&#8221;34&#8243; full_width=&#8221;true&#8221;][vc_column][vc_column_text el_class=&#8221;dates-text&#8221;]\n<h3>2016<\/h3>\n<p>Our company perpetuates this know-how by being awarded the Living Heritage Company status (Label des Entreprises du Patrimoine Vivant).<\/p>\n<p>The company was transferred to Mr Jean-Brice Lagourgue who has managed it since 2007. His is the sixth generation&#8230;.<\/p>\n[\/vc_column_text][\/vc_column][\/mk_page_section][vc_row][vc_column][vc_empty_space height=&#8221;20px&#8221;][\/vc_column][\/vc_row]\n<\/section>","protected":false},"excerpt":{"rendered":"<p>[mk_page_section full_width=&#8221;true&#8221;][vc_column][vc_single_image image=&#8221;343&#8243; img_size=&#8221;full&#8221; alignment=&#8221;center&#8221;][vc_empty_space height=&#8221;25px&#8221;][\/vc_column][\/mk_page_section][mk_page_section bg_color=&#8221;#cfdfe3&#8243; bg_image=&#8221;https:\/\/eaudemelisse.com\/wp-content\/uploads\/2015\/10\/histoire-1611-2.jpg&#8221; bg_position=&#8221;center center&#8221; bg_repeat=&#8221;no-repeat&#8221; bg_stretch=&#8221;true&#8221; expandable=&#8221;true&#8221; expandable_txt=&#8221;1611&#8243; expandable_icon_size=&#8221;45&#8243; expandable_txt_color=&#8221;#ff4351&#8243; expandable_txt_size=&#8221;34&#8243; full_width=&#8221;true&#8221;][vc_column][vc_column_text el_class=&#8221;dates-text&#8221;] 10 may 1611 Installation under the Regent Marie de Medicis, of the Order of D\u00e9chaux Carmelite Fathers (Ordre des Carmes D\u00e9chaux) O.C.D., rue de Vaugirard, which produced Eau de M\u00e9lisse starting in 1611. Father Damien was [&hellip;]<\/p>\n","protected":false},"author":261,"featured_media":0,"parent":1739,"menu_order":0,"comment_status":"closed","ping_status":"closed","template":"","meta":{"footnotes":""},"class_list":["post-1743","page","type-page","status-publish","hentry"],"aioseo_notices":[],"_links":{"self":[{"href":"https:\/\/eaudemelisse.com\/en\/wp-json\/wp\/v2\/pages\/1743","targetHints":{"allow":["GET"]}}],"collection":[{"href":"https:\/\/eaudemelisse.com\/en\/wp-json\/wp\/v2\/pages"}],"about":[{"href":"https:\/\/eaudemelisse.com\/en\/wp-json\/wp\/v2\/types\/page"}],"author":[{"embeddable":true,"href":"https:\/\/eaudemelisse.com\/en\/wp-json\/wp\/v2\/users\/261"}],"replies":[{"embeddable":true,"href":"https:\/\/eaudemelisse.com\/en\/wp-json\/wp\/v2\/comments?post=1743"}],"version-history":[{"count":0,"href":"https:\/\/eaudemelisse.com\/en\/wp-json\/wp\/v2\/pages\/1743\/revisions"}],"up":[{"embeddable":true,"href":"https:\/\/eaudemelisse.com\/en\/wp-json\/wp\/v2\/pages\/1739"}],"wp:attachment":[{"href":"https:\/\/eaudemelisse.com\/en\/wp-json\/wp\/v2\/media?parent=1743"}],"curies":[{"name":"wp","href":"https:\/\/api.w.org\/{rel}","templated":true}]}}

<section class="wpb-content-wrapper">[mk_page_section full_width=&#8221;true&#8221;][vc_column][vc_single_image image=&#8221;343&#8243; img_size=&#8221;full&#8221; alignment=&#8221;center&#8221;][vc_empty_space height=&#8221;25px&#8221;][/vc_column][/mk_page_section][mk_page_section bg_color=&#8221;#cfdfe3&#8243; bg_image=&#8221;https://eaudemelisse.com/wp-content/uploads/2015/10/histoire-1611-2.jpg&#8221; bg_position=&#8221;center center&#8221; bg_repeat=&#8221;no-repeat&#8221; bg_stretch=&#8221;true&#8221; expandable=&#8221;true&#8221; expandable_txt=&#8221;1611&#8243; expandable_icon_size=&#8221;45&#8243; expandable_txt_color=&#8221;#ff4351&#8243; expandable_txt_size=&#8221;34&#8243; full_width=&#8221;true&#8221;][vc_column][vc_column_text el_class=&#8221;dates-text&#8221;]
<h3>10 may 1611</h3>
<p>Installation under the Regent Marie de Medicis, of the Order of Déchaux Carmelite Fathers (Ordre des Carmes Déchaux) O.C.D., rue de Vaugirard, which produced Eau de Mélisse starting in 1611.</p>
<p>Father Damien was the first to prepare our composition.</p>
<p><a href="http://www.carmes-paris.org" target="_blank">http://www.carmes-paris.org</a>[/vc_column_text][/vc_column][/mk_page_section][vc_row][vc_column][vc_empty_space height=&#8221;20px&#8221;][/vc_column][/vc_row][mk_page_section bg_image=&#8221;https://eaudemelisse.com/wp-content/uploads/2015/10/histoire-img-1.jpg&#8221; bg_position=&#8221;center center&#8221; bg_repeat=&#8221;no-repeat&#8221; bg_stretch=&#8221;true&#8221; expandable=&#8221;true&#8221; expandable_txt=&#8221;1709 &#8211; 1773 &#8211; 1776 &#8211; 1780 &#8221; expandable_icon_size=&#8221;45&#8243; expandable_txt_color=&#8221;#ff4351&#8243; expandable_txt_size=&#8221;34&#8243; full_width=&#8221;true&#8221;][vc_column][vc_column_text el_class=&#8221;dates-text&#8221;]
<h3>1709-1773-1776-1780</h3>
<p>Royal Letters granted to the Carmelites Fathers.[/vc_column_text][/vc_column][/mk_page_section][vc_row][vc_column][vc_empty_space height=&#8221;20px&#8221;][/vc_column][/vc_row][mk_page_section bg_image=&#8221;https://eaudemelisse.com/wp-content/uploads/2015/10/histoire-img-2.jpg&#8221; bg_position=&#8221;center center&#8221; bg_repeat=&#8221;no-repeat&#8221; bg_stretch=&#8221;true&#8221; expandable=&#8221;true&#8221; expandable_txt=&#8221;2 sept 1792&#8243; expandable_icon_size=&#8221;45&#8243; expandable_txt_color=&#8221;#ff4351&#8243; expandable_txt_size=&#8221;34&#8243; full_width=&#8221;true&#8221;][vc_column][vc_column_text el_class=&#8221;dates-text&#8221;]
<h3>2 Septembre 1792</h3>
<p>During the Revolution, the Commissioners of the Luxembourg Section organised a sham trial during which each prisoner was requested to take an oath; for each refusal a priest was executed &#8211; 115 bodies piled up on the grounds.</p>
<p><a href="http://www.sjdc.fr" target="_blank">http://www.sjdc.fr</a>[/vc_column_text][/vc_column][/mk_page_section][vc_row][vc_column][vc_empty_space height=&#8221;20px&#8221;][/vc_column][/vc_row][mk_page_section bg_image=&#8221;https://eaudemelisse.com/wp-content/uploads/2015/10/histoire-img-3.jpg&#8221; bg_position=&#8221;center center&#8221; bg_repeat=&#8221;no-repeat&#8221; bg_stretch=&#8221;true&#8221; expandable=&#8221;true&#8221; expandable_txt=&#8221;1792&#8243; expandable_icon_size=&#8221;45&#8243; expandable_txt_color=&#8221;#ff4351&#8243; expandable_txt_size=&#8221;34&#8243; full_width=&#8221;true&#8221;][vc_column][vc_column_text el_class=&#8221;dates-text&#8221;]
<h3>1792</h3>
<p>Several Fathers create a civil corporation by purchasing from the State the right to produce and sell Eau des Carmes and set themselves up at 14 rue Taranne.[/vc_column_text][/vc_column][/mk_page_section][vc_row][vc_column][vc_empty_space height=&#8221;20px&#8221;][/vc_column][/vc_row][mk_page_section bg_image=&#8221;https://eaudemelisse.com/wp-content/uploads/2015/10/histoire-img-4.jpg&#8221; bg_position=&#8221;center center&#8221; bg_repeat=&#8221;no-repeat&#8221; bg_stretch=&#8221;true&#8221; expandable=&#8221;true&#8221; expandable_txt=&#8221;1838&#8243; expandable_icon_size=&#8221;45&#8243; expandable_txt_color=&#8221;#ff4351&#8243; expandable_txt_size=&#8221;34&#8243; full_width=&#8221;true&#8221;][vc_column][vc_column_text el_class=&#8221;dates-text&#8221;]
<h3>1838</h3>
<p>Mr Amédé Boyer purchased the famous Eau de Mélisse which is still today in the same family.[/vc_column_text][/vc_column][/mk_page_section][vc_row][vc_column][vc_empty_space height=&#8221;20px&#8221;][/vc_column][/vc_row][mk_page_section bg_image=&#8221;https://eaudemelisse.com/wp-content/uploads/2015/10/histoire-img-5.jpg&#8221; bg_position=&#8221;center center&#8221; bg_repeat=&#8221;no-repeat&#8221; bg_stretch=&#8221;true&#8221; expandable=&#8221;true&#8221; expandable_txt=&#8221;1877&#8243; expandable_icon_size=&#8221;45&#8243; expandable_txt_color=&#8221;#ff4351&#8243; expandable_txt_size=&#8221;34&#8243; full_width=&#8221;true&#8221;][vc_column][vc_column_text el_class=&#8221;dates-text&#8221;]
<h3>1877</h3>
<p>Following the expropriation of 14 rue Taranne, the old Carmelites laboratory was transferred to 14 rue de l&#8217;Abbaye and then, in 1950, to 6 rue de l&#8217;Abbaye.[/vc_column_text][/vc_column][/mk_page_section][vc_row][vc_column][vc_empty_space height=&#8221;20px&#8221;][/vc_column][/vc_row][mk_page_section bg_color=&#8221;#cfdfe3&#8243; bg_image=&#8221;https://eaudemelisse.com/wp-content/uploads/2015/10/histoire-1990-2.jpg&#8221; bg_position=&#8221;center center&#8221; bg_repeat=&#8221;no-repeat&#8221; bg_stretch=&#8221;true&#8221; expandable=&#8221;true&#8221; expandable_txt=&#8221;1990&#8243; expandable_icon_size=&#8221;45&#8243; expandable_txt_color=&#8221;#ff4351&#8243; expandable_txt_size=&#8221;34&#8243; full_width=&#8221;true&#8221;][vc_column][vc_column_text el_class=&#8221;dates-text&#8221;]
<h3>1990</h3>
<p>The production workshops moved from Courbevoie to Carrières-sur-Seine.</p>
<p>This is where we receive the plants and spices.[/vc_column_text][/vc_column][/mk_page_section][vc_row][vc_column][vc_empty_space height=&#8221;20px&#8221;][/vc_column][/vc_row][mk_page_section bg_color=&#8221;#cfdfe3&#8243; bg_image=&#8221;https://eaudemelisse.com/wp-content/uploads/2015/10/Pont-Alexandre-III.jpg&#8221; bg_position=&#8221;center center&#8221; bg_repeat=&#8221;no-repeat&#8221; bg_stretch=&#8221;true&#8221; color_mask=&#8221;#37747e&#8221; expandable=&#8221;true&#8221; expandable_txt=&#8221;2016&#8243; expandable_icon_size=&#8221;45&#8243; expandable_txt_color=&#8221;#ff4351&#8243; expandable_txt_size=&#8221;34&#8243; full_width=&#8221;true&#8221;][vc_column][vc_column_text el_class=&#8221;dates-text&#8221;]
<h3>2016</h3>
<p>Our company perpetuates this know-how by being awarded the Living Heritage Company status (Label des Entreprises du Patrimoine Vivant).</p>
<p>The company was transferred to Mr Jean-Brice Lagourgue who has managed it since 2007. His is the sixth generation&#8230;.</p>
[/vc_column_text][/vc_column][/mk_page_section][vc_row][vc_column][vc_empty_space height=&#8221;20px&#8221;][/vc_column][/vc_row]
</section>

<p>[mk_page_section full_width=&#8221;true&#8221;][vc_column][vc_single_image image=&#8221;343&#8243; img_size=&#8221;full&#8221; alignment=&#8221;center&#8221;][vc_empty_space height=&#8221;25px&#8221;][/vc_column][/mk_page_section][mk_page_section bg_color=&#8221;#cfdfe3&#8243; bg_image=&#8221;https://eaudemelisse.com/wp-content/uploads/2015/10/histoire-1611-2.jpg&#8221; bg_position=&#8221;center center&#8221; bg_repeat=&#8221;no-repeat&#8221; bg_stretch=&#8221;true&#8221; expandable=&#8221;true&#8221; expandable_txt=&#8221;1611&#8243; expandable_icon_size=&#8221;45&#8243; expandable_txt_color=&#8221;#ff4351&#8243; expandable_txt_size=&#8221;34&#8243; full_width=&#8221;true&#8221;][vc_column][vc_column_text el_class=&#8221;dates-text&#8221;] 10 may 1611 Installation under the Regent Marie de Medicis, of the Order of Déchaux Carmelite Fathers (Ordre des Carmes Déchaux) O.C.D., rue de Vaugirard, which produced Eau de Mélisse starting in 1611. Father Damien was [&hellip;]</p>
