{"id":2616,"date":"2018-11-27T09:50:11","date_gmt":"2018-11-27T08:50:11","guid":{"rendered":"http:\/\/eaudemelisse.com\/boutique\/melisspray-mundspray-15-ml\/"},"modified":"2020-03-27T18:22:10","modified_gmt":"2020-03-27T17:22:10","slug":"mundspray-15-ml","status":"publish","type":"product","link":"https:\/\/eaudemelisse.com\/de\/boutique\/mundspray-15-ml\/","title":{"rendered":"MUNDSPRAY 15 ML"},"content":{"rendered":"<p>Mundspray 15 ml<\/p>\n","protected":false},"excerpt":{"rendered":"<p>Belebt und h\u00e4lt den Atem dauerhaft frisch.<\/p>\n<p>Mundspray verbindet die Kraft von Eau de M\u00e9lisse mit der Frische von Minze und der S\u00fc\u00dfe von Zitrusfr\u00fcchten in einem Spray.<\/p>\n<p>Mit MELISPRAY in der Tasche oder Handtasche f\u00fchlen Sie sich sicher, kommen Sie in Schwung und sind f\u00fcr jedes Leistungstief gewappnet.<\/p>\n","protected":false},"featured_media":4487,"template":"","meta":[],"product_cat":[161],"product_tag":[],"class_list":{"0":"post-2616","1":"product","2":"type-product","3":"status-publish","4":"has-post-thumbnail","6":"product_cat-einfacher-garten","8":"first","9":"instock","10":"taxable","11":"shipping-taxable","12":"purchasable","13":"product-type-simple"},"aioseo_notices":[],"_links":{"self":[{"href":"https:\/\/eaudemelisse.com\/de\/wp-json\/wp\/v2\/product\/2616","targetHints":{"allow":["GET"]}}],"collection":[{"href":"https:\/\/eaudemelisse.com\/de\/wp-json\/wp\/v2\/product"}],"about":[{"href":"https:\/\/eaudemelisse.com\/de\/wp-json\/wp\/v2\/types\/product"}],"wp:featuredmedia":[{"embeddable":true,"href":"https:\/\/eaudemelisse.com\/de\/wp-json\/wp\/v2\/media\/4487"}],"wp:attachment":[{"href":"https:\/\/eaudemelisse.com\/de\/wp-json\/wp\/v2\/media?parent=2616"}],"wp:term":[{"taxonomy":"product_cat","embeddable":true,"href":"https:\/\/eaudemelisse.com\/de\/wp-json\/wp\/v2\/product_cat?post=2616"},{"taxonomy":"product_tag","embeddable":true,"href":"https:\/\/eaudemelisse.com\/de\/wp-json\/wp\/v2\/product_tag?post=2616"}],"curies":[{"name":"wp","href":"https:\/\/api.w.org\/{rel}","templated":true}]}}

<p>Belebt und hält den Atem dauerhaft frisch.</p>
<p>Mundspray verbindet die Kraft von Eau de Mélisse mit der Frische von Minze und der Süße von Zitrusfrüchten in einem Spray.</p>
<p>Mit MELISPRAY in der Tasche oder Handtasche fühlen Sie sich sicher, kommen Sie in Schwung und sind für jedes Leistungstief gewappnet.</p>
